g - 56 + 224 = 4*y, 5*y - j = -2*g. Let a = -56 + g. List the prime factors of a.
2
Let y = -67 + 184. Suppose -23*p + 71 = 646. Let s = y - p. What are the prime factors of s?
2, 71
Let y(j) = 2*j**2 + 15*j + 26. Let x be y(-6). Suppose x*p = -881 + 6929. List the prime factors of p.
2, 3, 7
Suppose -15020 = -4*u - x, 0 = -11*x + 16*x - 40. What are the prime factors of u?
3, 139
Suppose h + 14 = 5*p - 1, -3*p + 1 = h. Suppose -7*y + 14*y + 44 = 4*g, 0 = 2*g + 5*y + 12. Suppose p*z - 18 = -g*z. List the prime factors of z.
3
Let p = 66 + -55. Suppose 19*q - 1216 = p*q. List the prime factors of q.
2, 19
Suppose -405*q + 128*q + 1595578 + 240932 = 0. List the prime factors of q.
2, 3, 5, 13, 17
Let v(d) = -d + 9. Let g be v(3). Suppose -141 = -g*f + 15. List the prime factors of f.
2, 13
Let k(f) = 221*f - 1345. List the prime factors of k(11).
2, 3, 181
Let p be ((-4)/10)/(40/(-500)). Let w be 10 - (4 - (7 - p)). Suppose w*z = 11*z - 738. What are the prime factors of z?
2, 3, 41
Let f(p) = 445*p - 658. List the prime factors of f(18).
2, 919
Let h(l) = 46*l - 13. Let g(m) = -238*m + 11 + 16 + 145*m. Let y(w) = 4*g(w) + 9*h(w). List the prime factors of y(3).
3, 13
Let o(i) = i**3 - 15*i + 148. Let r = -203 - -211. What are the prime factors of o(r)?
2, 3, 5
Suppose 2*y - 3*d + 32 = 7*y, 0 = 2*y + 2*d - 16. Let g be y/(12/9) + 0. Suppose 2*j - 7*j = -g*z + 67, -3*z = -3*j - 75. What are the prime factors of z?
29
Let y = 260 + -258. Suppose y*s - 306 = -3*d + d, 3*d = -s + 451. List the prime factors of d.
149
Suppose -2929*t + 3006*t = 263879. What are the prime factors of t?
23, 149
Suppose -8*y - 33 = -33. What are the prime factors of y + 584/2 - -4?
2, 37
Suppose -11*x - 45 = -26*x. What are the prime factors of (-5 - -1267)/(x - 1) + -3?
2, 157
Let u = -16029 - -26264. List the prime factors of u.
5, 23, 89
Let y(a) = -75 + 3 + a - 5*a + 20*a. What are the prime factors of y(31)?
2, 53
Let f(g) = 4665*g - 159. What are the prime factors of f(1)?
2, 3, 751
Let m = -2500 - -5555. What are the prime factors of m?
5, 13, 47
Suppose -9*y = -14*y + 5455. Suppose 20*z = -y + 6771. What are the prime factors of z?
2, 71
Let b be ((-12)/(-15))/((-5)/(-50)). List the prime factors of (-17210)/(-40) + (-2)/b.
2, 5, 43
Let p = -65576 - -111201. What are the prime factors of p?
5, 73
Let p be 1/(27/92 - (-1)/(-4)). Let b = 28 - p. Suppose -45 = -3*d + 3*t, 10 + b = -3*t. List the prime factors of d.
2, 5
Let c = 240931 + -167650. What are the prime factors of c?
3, 13, 1879
Let c(p) = p**2 - 17*p - 3. Let l be c(17). Let x be ((-45)/(-10) + l)/(3/6). Suppose -3*f + 391 = 2*d, 3*d - 126 + 522 = x*f. List the prime factors of f.
131
Let k = 29069 + -17295. List the prime factors of k.
2, 7, 29
Let w(s) = 14*s**2 + 24*s + 523. List the prime factors of w(-41).
3, 7691
Suppose 8*t + 1 - 73 = 0. Suppose -20 = t*s - 10*s. Suppose u + 1 = s. What are the prime factors of u?
19
Let f be 6/(-1 - (-8)/4). Let j(y) = 4*y**2 - f - 3*y**2 + 3*y**2 + 5*y - 3*y**2. What are the prime factors of j(6)?
2, 3, 5
Let s = 93 - 89. Let c be -5 + -4*(-2)/s. What are the prime factors of 143 - (c - -2 - -3)?
3, 47
Suppose v - 15537 = 5*s, -v + 2*s = -7502 - 8041. What are the prime factors of v?
7, 2221
Let g(f) = -43 + 24 - 40 - 109*f - 30. List the prime factors of g(-8).
3, 29
Let h = -28 + 31. Suppose 0 = -h*u + 15, 5 = 4*v - 5*u + 38. List the prime factors of v - 8480/(-55) - 2/11.
2, 19
Suppose 4*z = 233 - 221. List the prime factors of 1279 - (-1 + (6 - 4)*z).
2, 7, 13
Let s be (-70)/(-30) - 1/3. List the prime factors of 69/s*(-294)/(-63).
7, 23
Suppose -d - 59684 = -5*m, -77*d - 35784 = -3*m - 72*d. What are the prime factors of m?
2, 47, 127
Let q be (-18144)/(-196) - (-6)/14. Suppose q*g = 98*g - 8165. What are the prime factors of g?
23, 71
Let r be 446/18 + 5 + (-258)/54. Suppose -8 = 6*i - 7*i. Let x = r - i. What are the prime factors of x?
17
Suppose -10 + 6 = -4*x. Let m be (3 + 9/(-3))/(-3 + x). Suppose 5*z - 10 = m, 2*d = -2*d + 5*z + 402. What are the prime factors of d?
103
Let k(n) = n**3 + 3*n**2 - 3*n + 7. Let z be k(-4). Suppose 0 = -2*h + z + 1, 0 = -5*g - h + 1642. List the prime factors of g.
2, 41
Let d(s) be the first derivative of -5*s**2 + 24*s - 1. Let j be (-8 + 1 + 1)*((-6811)/147 - -49). What are the prime factors of d(j)?
2, 23
Let z(h) = h**3 + 11*h**2 + 7. Let v be z(-11). Suppose s + 2 = v. Suppose 0*g - 3*r - 234 = -3*g, 5*r - s = 0. List the prime factors of g.
79
Suppose 37 = m + 32. Suppose -g + 33 = v, -g - 130 = -m*v + g. List the prime factors of v.
2, 7
Suppose 2*a + 2*y = 44252, -13*a + y + 265421 = -a. List the prime factors of a.
3, 73, 101
Let c be (-1 - (1 - 10))*90. Let d = -197 + c. What are the prime factors of d?
523
Suppose 6017 = -11*u + 52470. Suppose -587 = 2*o - u. List the prime factors of o.
2, 3, 101
Suppose 371858 = 38*a + 76408. What are the prime factors of a?
5, 311
Let h(u) = -u**3 - 4*u**2 + 51*u + 247. List the prime factors of h(-17).
3137
Let m(i) = -i**2 - 20*i - 17. Let o be m(-19). Suppose -o*b = 2*b - 1344. Suppose 0 = 6*f + b - 996. What are the prime factors of f?
2, 5, 11
Let c = 15226 + -7152. What are the prime factors of c?
2, 11, 367
Let r(u) be the second derivative of u**5/20 + 31*u**2 - 7*u + 5. Let l = 11 - 11. List the prime factors of r(l).
2, 31
List the prime factors of -2*(11 - 5 - 7 - 18338/4).
3, 1019
Let s = 15 - 16. Let d be (3045/(-42))/(s/2). Suppose -3*i + d = -131. List the prime factors of i.
2, 23
Let y be (60/(-45))/((-1)/3). Let j be 5/(-20) + 13/y. Suppose -2*c - 3 = j*k, 6 = 5*c + 4*k - 4. What are the prime factors of c?
2, 3
Let b(l) = 50*l + 8. Let q(o) = -20*o - 3. Let x(k) = 5*b(k) + 12*q(k). Let j be x(18). Suppose -211 - j = -5*r. List the prime factors of r.
79
Let x(p) = -159*p + 346. Let k be x(10). Let h = 2078 + k. List the prime factors of h.
2, 3, 139
Let y(b) = 2*b**2 + 14*b + 14. Let k be y(-6). Suppose -k*t + 3866 = 4*v, -4*t - 8*v = -5*v - 7747. What are the prime factors of t?
7, 277
Let x(p) = 319*p + 97. Let y(h) = 1276*h + 389. Let t(j) = -9*x(j) + 2*y(j). List the prime factors of t(-3).
2, 431
Let r be (-100)/(-16) - 4 - 1/4. Suppose -7*o - r*o = 9. Let w(v) = 7*v**2 - 3*v - 2. What are the prime factors of w(o)?
2
Suppose -6*u + 11 + 7 = 0. Suppose x + u*x - 60 = 0. Suppose -x = -3*c, c + 108 = r + 21. List the prime factors of r.
2, 23
Suppose 13*y - 22962 - 4351 = 0. List the prime factors of y.
11, 191
Suppose 0 = -8*d - 2*d - 11*d. Suppose -7*o + 5189 + 1391 = d. What are the prime factors of o?
2, 5, 47
Suppose -4*f - 10286 = -0*z - 3*z, -5*z = -3*f - 17125. List the prime factors of z.
2, 29, 59
Let l = -3396 - -11575. What are the prime factors of l?
8179
Let n be -209 - 2/(-8)*0. Let p = -750 - -450. Let a = n - p. What are the prime factors of a?
7, 13
Let h = -228 + 233. Suppose -m = -4*m - a + 1592, -h*m + a + 2648 = 0. List the prime factors of m.
2, 5, 53
Suppose 0 = 2*l + 3*l - 50. Suppose -6*h = -8*h + l. Suppose 0 = h*k + 2*q - 453, -2*k + 183 - 1 = q. What are the prime factors of k?
89
Let o(m) = m**3 - 15*m**2 + 26*m + 16. Let b(g) = 2*g**2 - 6*g - 14. Let l be b(-7). Let y = 140 - l. What are the prime factors of o(y)?
2, 23
Let u = 2032 - 1435. List the prime factors of (u/2)/((-21)/(-14) + -1).
3, 199
Let h = 812 - -249. Suppose -4*b + 1804 = -2*l, 2*b - 2*l + 163 = h. What are the prime factors of b?
3, 151
Let x(y) = y**2 + 10*y + 32. Let u be x(-7). Let h be 35/u + -3 + 4260/44. Suppose -3*k = 4*d - 287, d + 0*d - h = -k. What are the prime factors of k?
101
Let j = -2159 + 8357. List the prime factors of j.
2, 3, 1033
Let b(c) = -c**3 + c**2 - c - 11. Suppose -3*k = -4*k - 6. Let x(f) = -f**3 + 2*f**2 - 10. Let l(p) = k*b(p) + 7*x(p). What are the prime factors of l(7)?
3, 29
Let o be (-68)/(-20) + 6/10. Suppose h - o*t - 22 = -2*t, 4*h - 2*t - 100 = 0. List the prime factors of h.
2, 13
Suppose -1789 = -2*k - 5*g - 724, 0 = -3*k + 2*g + 1645. Suppose 0 = 2*q - k - 691. What are the prime factors of q?
2, 3, 103
Let n be 5690 - (-7 - -5 - -4). Suppose -n = -11*v + 1022. What are the prime factors of v?
2, 5, 61
Let y = 87260 + -60632. What are the prime factors of y?
2, 3, 7, 317
Let v = 155212 - 105188. List t